NOAA-Style Climate Reports

Select a Year or Month report
2016: Jan Feb Mar Apr May Jun Jul Aug Sep Oct Nov Dec
2015: Jan Feb Mar Apr May Jun Jul Aug Sep Oct Nov Dec
2014: Jan Feb Mar Apr May Jun Jul Aug Sep Oct Nov Dec
2013: Jan Feb Mar Apr May Jun Jul Aug Sep Oct Nov Dec
2012: Jan Feb Mar Apr May Jun Jul Aug Sep Oct Nov Dec

Report for 2016 May
                   Monthly Climatological Summary for May 2016

Name: DW9500   City: Raytown   State: MO
Elevation: 1005 ft  Lat: N 38° 58' 55"   Lon: W 094° 27' 56"

                  Temperature (°F), Rain (in), Wind Speed (mph)

                                      Heat  Cool        Avg
    Mean                              Deg   Deg         Wind                 Dom
Day Temp  High   Time   Low    Time   Days  Days  Rain  Speed High   Time    Dir
----------------------------------------------------------------------------------
 1  54.4  62.8   14:45  49.1   04:45  10.6   0.0  0.00   0.7  11.0   11:01     W
 2  50.4  55.6   15:09  46.4   21:51  14.6   0.0  0.00   0.1   6.0   12:28     N
 3  57.6  70.7   17:58  44.3   06:06   8.6   1.2  0.00   0.3   8.0   13:07     W
 4  61.4  70.6   17:26  53.2   23:56   4.9   1.3  0.00   1.1  14.0   16:10   NNW
 5  60.9  73.8   16:14  48.5   05:59   6.3   2.2  0.00   0.6  10.0   13:36   ENE
 6  67.0  82.9   16:42  48.9   05:01   4.5   6.5  0.00   0.8  12.0   15:13    SW
 7  73.5  87.1   15:46  61.5   05:36   0.5   9.0  0.00   0.8  14.0   16:28    SW
 8  64.6  73.8   10:34  58.4   06:26   2.0   1.6  1.23   0.5  11.0   10:15   SSE
 9  64.5  73.1   17:50  57.0   23:58   2.2   1.7  0.37   0.9  14.0   22:46     S
10  68.2  82.3   17:00  55.1   07:07   3.3   6.4  0.00   0.4   9.0   16:30   SSW
11  67.1  79.3   13:54  58.8   23:50   1.0   3.1  0.45   1.1  17.0   06:14   WSW
12  62.6  71.2   17:40  53.5   23:59   4.1   1.7  0.00   0.9  16.0   14:42   WNW
13  60.6  79.6   13:50  47.5   23:56   7.4   3.0  0.13   1.5  21.0   10:54    SW
14  50.9  60.7   18:17  42.5   06:11  14.1   0.0  0.00   1.0  15.0   10:43    NW
15  55.1  67.4   15:34  40.6   04:25  10.0   0.2  0.01   0.3   9.0   15:53     E
16  50.4  53.9   00:00  49.0   06:21  14.6   0.0  0.91   2.1  16.0   21:28   ENE
17  50.9  58.1   18:42  47.2   23:58  14.1   0.0  0.29   3.0  13.0   13:39   ENE
18  56.9  67.5   16:28  45.2   01:38   8.3   0.2  0.00   0.6   8.0   11:53   ENE
19  57.5  68.6   14:25  44.6   06:06   7.9   0.4  0.10   0.5  12.0   13:32   SSE
20  58.7  65.7   16:10  53.9   05:59   6.3   0.0  0.03   0.8  10.0   12:20   ENE
21  62.5  74.3   16:44  49.2   04:13   5.1   2.6  0.00   0.8  10.0   14:45   ENE
22  69.3  80.5   17:32  54.9   05:54   2.0   6.3  0.00   1.0  16.0   14:29   SSW
23  66.7  72.7   12:18  61.2   05:59   0.6   2.3  0.03   0.9  14.0   08:48    SW
24  69.2  80.8   18:17  61.3   04:03   1.0   5.2  0.12   0.9  16.0   14:56    SW
25  72.6  83.1   17:37  62.4   05:02   0.2   7.8  0.07   1.4  19.0   16:19   SSW
26  67.2  80.7   14:30  60.7   19:56   1.2   3.5  2.65   2.0  29.0   17:41   ENE
----------------------------------------------------------------------------------
    61.6  87.1     7    40.6    15   155.4  66.2  6.39   1.0  29.0    26     SSE

Max >=  80.0:  7
Max <=  32.0:  0
Min <=  32.0:  0
Min <=   0.0:  0
Max Rain: 2.65 on day 26
Days of Rain: 13 (>= 0.01 in)  9 (>= 0.10 in)  2 (>= 1.00 in)
Heat Base: 65.0  Cool Base: 65.0  Method: Integration