NOAA-Style Climate Reports

Select a Year or Month report
2016: Jan Feb Mar Apr May Jun Jul Aug Sep Oct Nov Dec
2015: Jan Feb Mar Apr May Jun Jul Aug Sep Oct Nov Dec
2014: Jan Feb Mar Apr May Jun Jul Aug Sep Oct Nov Dec
2013: Jan Feb Mar Apr May Jun Jul Aug Sep Oct Nov Dec
2012: Jan Feb Mar Apr May Jun Jul Aug Sep Oct Nov Dec

Report for 2016 April
                   Monthly Climatological Summary for Apr 2016

Name: DW9500   City: Raytown   State: MO
Elevation: 1005 ft  Lat: N 38° 58' 55"   Lon: W 094° 27' 56"

                  Temperature (°F), Rain (in), Wind Speed (mph)

                                      Heat  Cool        Avg
    Mean                              Deg   Deg         Wind                 Dom
Day Temp  High   Time   Low    Time   Days  Days  Rain  Speed High   Time    Dir
----------------------------------------------------------------------------------
 1  43.9  50.5   13:32  37.1   23:55  21.1   0.0  0.00   3.6  19.0   07:36   WNW
 2  48.2  63.2   15:31  32.1   03:09  16.8   0.0  0.00   3.1  19.0   13:51     W
 3  62.3  78.7   15:54  43.9   03:48   7.3   4.6  0.00   5.4  27.0   13:08    SW
 4  60.0  66.7   00:00  50.9   23:58   5.1   0.1  0.00   2.6  16.0   12:23   NNE
 5  58.4  75.3   18:16  41.7   06:29   8.9   2.3  0.00   3.2  22.0   23:33   SSE
 6  56.0  69.5   00:32  49.4   08:29   9.2   0.2  0.12   3.1  22.0   13:34   WNW
 7  53.5  64.1   15:11  43.2   06:36  11.5   0.0  0.00   2.8  29.0   14:00   WNW
 8  49.6  62.0   16:49  37.1   06:35  15.4   0.0  0.00   3.1  26.0   13:23    NW
 9  46.0  61.1   18:30  31.0   06:52  19.0   0.0  0.00   2.6  14.0   13:50     E
10  62.2  72.2   16:25  51.9   00:11   4.0   1.3  0.01   4.0  21.0   01:30    SW
11  52.4  58.2   00:58  44.7   23:29  12.6   0.0  0.00   2.6  18.0   05:54   NNE
12  48.7  61.6   16:54  34.9   06:41  16.3   0.0  0.00   1.4  11.0   16:22   ENE
13  56.1  71.6   16:31  39.3   05:29  10.2   1.3  0.00   1.3  15.0   14:25   SSW
14  59.5  73.5   16:18  43.6   06:46   7.6   2.1  0.00   0.8  12.0   14:20   SSE
15  63.4  73.7   16:03  51.0   06:55   4.2   2.6  0.00   1.2  15.0   13:49   SSE
16  65.6  75.8   18:05  57.0   06:06   2.3   2.9  0.00   1.9  16.0   08:56   SSE
17  67.3  75.5   17:05  57.4   06:45   1.8   4.0  0.00   1.6  15.0   14:14    SE
18  62.0  66.6   00:00  58.7   08:43   3.0   0.0  0.61   0.6  11.0   07:08   SSW
19  61.0  68.1   16:04  55.1   07:16   4.3   0.3  0.04   0.8   9.0   18:23    NE
20  59.8  67.6   18:10  54.3   22:48   5.4   0.2  0.30   1.4  12.0   12:14   WSW
21  57.3  65.8   15:11  51.1   07:25   7.7   0.0  0.00   1.1  16.0   15:16     W
22  58.8  70.9   16:53  50.7   06:36   6.8   0.6  0.00   1.0  10.0   18:24    NE
23  63.9  78.8   16:41  47.7   06:29   5.5   4.4  0.00   1.3  15.0   17:32    SW
24  69.3  78.3   13:56  59.0   06:21   1.4   5.6  0.00   3.7  24.0   17:02    SW
25  67.1  75.5   15:21  58.7   05:10   1.7   3.8  0.21   2.1  16.0   03:36    SW
26  62.9  68.5   15:48  56.8   10:25   2.3   0.2  1.94   1.6  17.0   23:02   ENE
27  60.9  71.8   14:21  53.6   23:16   5.1   1.0  0.84   2.2  22.0   04:46    SW
28  53.0  62.8   15:32  43.9   06:45  12.0   0.0  0.00   0.9  12.0   12:54     W
29  51.8  56.7   13:30  47.5   06:31  13.2   0.0  0.26   4.0  21.0   20:29   ENE
----------------------------------------------------------------------------------
    58.0  78.8    23    31.0     9   241.7  37.5  4.33   2.2  29.0     7     WSW

Max >=  80.0:  0
Max <=  32.0:  0
Min <=  32.0:  1
Min <=   0.0:  0
Max Rain: 1.94 on day 26
Days of Rain: 9 (>= 0.01 in)  7 (>= 0.10 in)  1 (>= 1.00 in)
Heat Base: 65.0  Cool Base: 65.0  Method: Integration