NOAA-Style Climate Reports

Select a Year or Month report
2015: Jan Feb Mar Apr May Jun Jul Aug Sep Oct Nov Dec
2014: Jan Feb Mar Apr May Jun Jul Aug Sep Oct Nov Dec
2013: Jan Feb Mar Apr May Jun Jul Aug Sep Oct Nov Dec
2012: Jan Feb Mar Apr May Jun Jul Aug Sep Oct Nov Dec

Report for 2015 January
                   Monthly Climatological Summary for Jan 2015

Name: DW9500   City: Raytown   State: MO
Elevation: 1005 ft  Lat: N 38° 58' 55"   Lon: W 094° 27' 56"

                  Temperature (°F), Rain (in), Wind Speed (mph)

                                      Heat  Cool        Avg
    Mean                              Deg   Deg         Wind                 Dom
Day Temp  High   Time   Low    Time   Days  Days  Rain  Speed High   Time    Dir
----------------------------------------------------------------------------------
 1  25.5  33.9   13:37  16.8   04:13  39.5   0.0  0.00   3.6  15.0   09:32   WSW
 2  32.6  37.1   12:57  27.8   07:49  32.4   0.0  0.00   0.8  11.0   12:23   SSW
 3  34.2  38.5   15:33  23.8   23:58  30.8   0.0  0.08   0.5  11.0   23:01    NW
 4  12.9  23.8   00:00   8.1   23:15  52.1   0.0  0.00   3.3  16.0   01:22   WNW
 5  16.6  29.3   23:59   6.1   06:16  48.4   0.0  0.00   1.5  14.0   13:30   SSW
 6  22.2  30.4   01:31  15.7   09:56  42.8   0.0  0.00   2.8  19.0   01:22    NW
 7   8.5  18.7   00:12  -0.3   23:36  56.5   0.0  0.00   2.9  20.0   10:14     N
 8  16.3  32.6   20:02  -0.1   00:00  48.7   0.0  0.00   5.4  23.0   07:58    SW
 9  15.4  21.5   15:17   8.3   23:58  49.6   0.0  0.00   3.0  24.0   04:06    NW
10  23.2  38.7   15:23   7.0   01:55  41.8   0.0  0.00   4.2  22.0   12:45   SSW
11  32.1  38.7   13:24  25.5   03:24  32.9   0.0  0.04   2.1  14.0   10:01   SSW
12  23.9  33.0   00:00  11.6   23:58  41.1   0.0  0.00   4.0  19.0   11:15   NNE
13  15.5  25.4   15:52   5.0   07:36  49.5   0.0  0.00   2.5  14.0   00:01    NE
14  27.2  36.7   14:51  19.9   04:43  37.8   0.0  0.00   1.1   9.0   13:54   WSW
15  35.3  49.9   15:06  22.1   05:20  29.7   0.0  0.00   2.1  16.0   13:11   WSW
16  42.9  60.5   15:25  25.6   06:33  22.1   0.0  0.00   3.3  19.0   14:07    SW
17  45.9  54.1   13:33  38.5   04:30  19.1   0.0  0.00   4.6  29.0   17:47     W
18  45.4  59.9   14:59  34.4   07:35  19.6   0.0  0.00   2.0  14.0   13:16   WSW
19  46.5  64.6   14:25  29.3   06:48  18.5   0.0  0.00   1.7  14.0   17:22   WSW
20  42.1  51.2   16:19  36.7   07:50  22.9   0.0  0.00   2.0  12.0   15:50     W
21  39.7  50.0   15:03  31.2   07:23  25.3   0.0  0.00   2.2  19.0   12:53     W
22  32.7  37.3   13:07  25.9   23:59  32.3   0.0  0.00   1.7  12.0   09:34    NE
23  33.5  45.5   15:32  20.4   07:15  31.5   0.0  0.00   1.6  11.0   11:35    SW
24  44.1  58.3   15:48  30.0   07:43  20.9   0.0  0.03   3.3  23.0   21:17   WSW
25  39.3  46.3   01:13  29.4   23:55  25.7   0.0  0.02   3.8  22.0   09:14    NW
26  42.2  59.6   15:47  27.0   04:57  22.8   0.0  0.00   2.3  17.0   10:30     W
27  45.0  57.2   15:16  35.6   07:41  20.0   0.0  0.00   0.8   9.0   09:21     E
28  55.0  72.7   15:18  38.8   05:21  11.3   1.3  0.00   3.9  20.0   13:43   SSW
----------------------------------------------------------------------------------
    32.0  72.7    28    -0.3     7   925.6   1.3  0.17   2.6  29.0    17       W

Max >=  80.0:  0
Max <=  32.0:  6
Min <=  32.0: 23
Min <=   0.0:  2
Max Rain: 0.08 on day 3
Days of Rain: 4 (>= 0.01 in)  0 (>= 0.10 in)  0 (>= 1.00 in)
Heat Base: 65.0  Cool Base: 65.0  Method: Integration