NOAA-Style Climate Reports


Report for 2014 December
                   Monthly Climatological Summary for Dec 2014

Name: DW9500   City: Raytown   State: MO
Elevation: 1005 ft  Lat: N 38° 58' 55"   Lon: W 094° 27' 56"

                  Temperature (°F), Rain (in), Wind Speed (mph)

                                      Heat  Cool        Avg
    Mean                              Deg   Deg         Wind                 Dom
Day Temp  High   Time   Low    Time   Days  Days  Rain  Speed High   Time    Dir
----------------------------------------------------------------------------------
 1  20.6  26.2   14:17  16.8   06:44  44.4   0.0  0.00   4.5  17.0   03:04    NE
 2  27.8  37.7   14:59  18.0   00:00  37.2   0.0  0.00   2.3  17.0   11:00    SW
 3  35.4  43.4   14:25  26.9   04:42  29.6   0.0  0.00   2.9  15.0   09:02    NE
 4  35.9  38.1   15:17  32.5   07:03  29.1   0.0  0.00   1.1  10.0   00:01   ENE
 5  40.5  44.6   14:08  36.7   04:30  24.5   0.0  0.61   1.9   9.0   18:49    NE
 6  35.8  40.9   00:08  32.6   23:19  29.2   0.0  0.00   1.9  11.0   08:27    NE
 7  36.8  42.3   23:49  32.8   00:00  28.2   0.0  0.03   1.4  11.0   14:14   SSW
 8  44.9  51.8   14:45  37.7   23:58  20.1   0.0  0.00   2.6  17.0   10:13     W
 9  30.2  37.7   00:00  26.8   23:58  34.8   0.0  0.00   1.3  11.0   08:44    NE
10  30.9  33.3   13:38  25.8   00:52  34.1   0.0  0.01   0.7   8.0   13:50     E
11  35.6  38.1   15:49  33.0   00:00  29.4   0.0  0.01   0.4   6.0   09:13   ENE
12  45.2  54.3   14:24  37.5   00:00  19.8   0.0  0.00   0.6  11.0   12:19   SSW
13  50.0  54.6   23:58  45.1   00:00  15.0   0.0  0.00   0.8  12.0   23:56   SSW
14  56.0  62.5   14:56  52.4   23:54   9.0   0.0  0.68   2.9  20.0   12:31     S
15  44.9  52.4   00:00  32.7   23:59  20.1   0.0  0.00   4.9  25.0   16:30   WSW
16  28.8  32.8   00:00  26.2   22:41  36.2   0.0  0.00   4.1  23.0   01:50   WNW
17  27.4  30.4   16:23  23.1   07:43  37.6   0.0  0.00   1.1   8.0   10:00    NE
18  29.9  32.7   13:52  27.4   01:05  35.1   0.0  0.00   1.8   9.0   07:09   ENE
19  32.0  33.9   15:48  30.0   08:00  33.0   0.0  0.03   0.1   5.0   09:13   ENE
----------------------------------------------------------------------------------
    36.2  62.5    14    16.8     1   546.4   0.0  1.37   2.0  25.0    15       N

Max >=  80.0:  0
Max <=  32.0:  2
Min <=  32.0:  9
Min <=   0.0:  0
Max Rain: 0.68 on day 14
Days of Rain: 6 (>= 0.01 in)  2 (>= 0.10 in)  0 (>= 1.00 in)
Heat Base: 65.0  Cool Base: 65.0  Method: Integration