NOAA-Style Climate Reports

Select a Year or Month report
2015: Jan Feb Mar Apr May Jun Jul Aug Sep Oct Nov Dec
2014: Jan Feb Mar Apr May Jun Jul Aug Sep Oct Nov Dec
2013: Jan Feb Mar Apr May Jun Jul Aug Sep Oct Nov Dec
2012: Jan Feb Mar Apr May Jun Jul Aug Sep Oct Nov Dec

Report for 2015 May
                   Monthly Climatological Summary for May 2015

Name: DW9500   City: Raytown   State: MO
Elevation: 1005 ft  Lat: N 38° 58' 55"   Lon: W 094° 27' 56"

                  Temperature (°F), Rain (in), Wind Speed (mph)

                                      Heat  Cool        Avg
    Mean                              Deg   Deg         Wind                 Dom
Day Temp  High   Time   Low    Time   Days  Days  Rain  Speed High   Time    Dir
----------------------------------------------------------------------------------
 1  62.9  74.8   14:12  48.6   05:36   4.9   2.8  0.00   0.5  10.0   12:33   SSW
 2  64.0  76.1   14:26  52.5   06:26   3.7   2.6  0.03   1.0  15.0   17:10    SW
 3  70.4  81.7   15:11  60.4   06:27   1.0   6.5  0.00   4.0  24.0   15:26    SW
 4  71.1  83.7   16:57  62.1   23:55   0.4   6.5  0.30   1.6  15.0   18:06    SW
 5  69.3  80.5   15:17  58.8   05:50   1.6   5.8  0.01   1.0  15.0   16:52    SW
 6  68.3  75.0   18:48  63.0   15:52   0.0   3.3  0.16   2.2  21.0   14:15    SW
 7  67.9  74.5   10:54  62.3   23:59   0.3   3.2  0.45   2.8  22.0   10:44    SW
 8  64.8  74.1   15:54  61.6   06:07   1.7   1.5  0.40   0.6  13.0   03:09    NE
 9  65.5  72.6   13:56  60.1   05:33   1.5   2.0  0.10   2.7  17.0   14:56   ENE
10  66.1  74.6   17:38  60.7   23:28   0.7   1.9  0.44   1.6  29.0   12:56    SW
11  54.4  62.9   17:10  45.1   06:48  10.6   0.0  0.00   2.5  21.0   17:21     W
12  57.8  70.1   16:14  41.7   05:39   8.3   1.0  0.00   0.6  10.0   10:43   NNW
13  61.1  70.8   14:46  48.8   03:11   4.9   1.0  0.00   1.1  18.0   11:07     E
14  63.1  74.3   17:40  55.3   04:22   3.9   1.9  0.48   1.5  15.0   05:04    SW
15  70.2  77.4   17:29  63.8   13:12   0.1   5.3  0.68   1.0  22.0   12:46    SW
16  72.1  82.1   17:08  63.7   23:59   0.0   7.1  0.61   2.1  17.0   10:23    SW
17  69.2  81.1   17:54  60.5   04:26   1.4   5.6  1.13   3.2  28.0   12:27    SW
18  64.2  70.2   16:04  54.7   23:58   2.0   1.2  0.00   1.2  10.0   07:31    NE
19  52.7  58.4   15:59  45.6   06:06  12.3   0.0  0.00   2.7  16.0   23:15   ENE
20  49.6  54.3   00:00  47.5   23:30  15.4   0.0  0.91   3.0  15.0   00:33   ENE
21  56.0  69.8   19:06  46.0   06:28   9.6   0.6  0.00   0.5  10.0   10:43    NE
22  57.9  66.4   14:06  46.0   05:51   7.2   0.1  0.00   0.3  11.0   13:38   SSW
23  62.4  67.4   16:21  57.2   05:15   3.1   0.4  0.70   0.9  11.0   18:56    SE
----------------------------------------------------------------------------------
    63.5  83.7     4    41.7    12    94.6  60.3  6.40   1.7  29.0    10     SSW

Max >=  80.0:  5
Max <=  32.0:  0
Min <=  32.0:  0
Min <=   0.0:  0
Max Rain: 1.13 on day 17
Days of Rain: 14 (>= 0.01 in)  12 (>= 0.10 in)  1 (>= 1.00 in)
Heat Base: 65.0  Cool Base: 65.0  Method: Integration