NOAA-Style Climate Reports


Report for 2016 August
                   Monthly Climatological Summary for Aug 2016

Name: DW9500   City: Raytown   State: MO
Elevation: 1005 ft  Lat: N 38° 58' 55"   Lon: W 094° 27' 56"

                  Temperature (°F), Rain (in), Wind Speed (mph)

                                      Heat  Cool        Avg
    Mean                              Deg   Deg         Wind                 Dom
Day Temp  High   Time   Low    Time   Days  Days  Rain  Speed High   Time    Dir
----------------------------------------------------------------------------------
 1  74.3  85.6   18:29  66.0   09:09   0.0   9.3  0.73   1.9  17.0   06:58     E
 2  80.3  90.9   14:28  72.4   06:23   0.0  15.3  0.00   0.8  10.0   09:07   ENE
 3  81.0  90.8   16:22  73.5   06:28   0.0  16.0  0.00   1.2   9.0   11:55   ENE
 4  85.9  97.7   15:21  74.7   06:24   0.0  20.9  0.00   1.0  15.0   14:48    SW
 5  77.9  84.8   01:05  71.9   23:50   0.0  12.9  0.03   0.5  10.0   02:03   ENE
 6  74.0  81.0   15:28  69.2   07:25   0.0   9.0  0.00   1.5   9.0   15:21   ENE
 7  70.5  76.4   15:26  66.8   10:25   0.0   5.5  0.10   1.6  11.0   11:05   ENE
 8  73.3  80.1   17:27  68.6   04:53   0.0   8.3  0.01   1.1  13.0   09:35   ENE
 9  81.7  93.3   16:27  71.7   06:34   0.0  16.7  0.00   0.4  11.0   08:57     S
10  83.9  94.0   14:42  74.5   06:34   0.0  18.9  0.00   0.7  16.0   15:33    SW
11  86.9  97.1   14:24  77.0   06:31   0.0  21.9  0.00   1.9  16.0   12:14    SW
12  78.0  86.6   14:56  72.2   23:53   0.0  13.0  0.23   0.3  16.0   01:39   WSW
13  76.7  86.8   16:20  66.8   06:39   0.0  11.7  0.00   0.8  11.0   12:56   ENE
14  76.1  86.8   15:39  66.3   05:58   0.0   8.5  0.00   0.9  10.0   13:15   ENE
15  73.2  79.8   16:40  67.0   23:59   0.0   8.2  0.00   0.2   5.0   09:52   ENE
16  75.6  87.9   14:01  64.5   04:43   0.0  10.6  0.00   0.6  12.0   14:36   SSW
17  79.8  91.9   14:45  69.4   06:38   0.0  14.8  0.00   1.1  18.0   14:06    SW
18  79.8  91.3   15:34  69.3   05:55   0.0  14.9  0.00   0.9  14.0   16:21    SW
19  76.9  88.1   16:47  67.0   23:17   0.0  11.9  0.74   1.0  21.0   20:58    SW
20  67.7  76.0   15:57  59.8   23:54   0.4   3.1  0.02   0.8  15.0   16:29   WNW
21  69.0  83.0   17:13  56.0   06:28   2.7   6.7  0.00   0.2   7.0   09:41   NNW
22  70.4  83.2   15:55  56.5   06:28   2.0   7.4  0.00   1.2  16.0   11:37    SW
23  72.7  84.5   16:05  65.3   04:45   0.0   7.7  0.00   2.0  18.0   16:20    SW
----------------------------------------------------------------------------------
    80.2  97.7     4    56.0    21     5.1 286.3  1.86   1.0  21.0    19     SSE

Max >=  80.0: 20
Max <=  32.0:  0
Min <=  32.0:  0
Min <=   0.0:  0
Max Rain: 0.74 on day 19
Days of Rain: 7 (>= 0.01 in)  4 (>= 0.10 in)  0 (>= 1.00 in)
Heat Base: 65.0  Cool Base: 65.0  Method: Integration