NOAA-Style Climate Reports

Select a Year or Month report
2014: Jan Feb Mar Apr May Jun Jul Aug Sep Oct Nov Dec
2013: Jan Feb Mar Apr May Jun Jul Aug Sep Oct Nov Dec
2012: Jan Feb Mar Apr May Jun Jul Aug Sep Oct Nov Dec

Report for 2014 August
                   Monthly Climatological Summary for Aug 2014

Name: DW9500   City: Raytown   State: MO
Elevation: 1005 ft  Lat: N 38° 58' 55"   Lon: W 094° 27' 56"

                  Temperature (°F), Rain (in), Wind Speed (mph)

                                      Heat  Cool        Avg
    Mean                              Deg   Deg         Wind                 Dom
Day Temp  High   Time   Low    Time   Days  Days  Rain  Speed High   Time    Dir
----------------------------------------------------------------------------------
 1  73.3  85.5   16:22  65.2   02:01   0.0   8.4  0.00   0.4   8.0   11:45   ENE
 2  75.8  86.8   16:24  63.3   05:37   0.1  10.9  0.00   0.4   9.0   14:59   ENE
 3  71.9  84.0   18:07  64.5   11:20   0.0   6.9  0.64   0.2  10.0   07:43    SW
 4  78.7  92.1   17:28  67.2   06:54   0.0  13.7  0.00   0.9  15.0   11:45    SW
 5  81.4  92.9   15:52  73.8   06:52   0.0  16.4  0.00   0.4  10.0   12:20     E
 6  76.4  90.1   14:36  67.1   18:19   0.0  11.4  3.24   0.9  37.0   17:52     E
 7  72.9  82.7   16:22  67.9   01:05   0.0   7.9  1.18   0.5   8.0   20:07   ENE
 8  72.0  78.3   13:06  66.5   06:23   0.0   7.0  0.00   0.6   9.0   17:24   ENE
 9  73.3  83.2   18:13  67.1   00:46   0.0   8.3  0.00   0.2   6.0   09:22   ENE
10  72.3  77.7   13:34  68.9   07:39   0.0   7.3  0.23   0.6  11.0   13:57   ENE
11  72.6  81.0   14:57  66.1   23:55   0.0   7.6  0.00   0.8  14.0   12:54   WNW
12  68.9  78.4   16:13  59.2   06:30   0.8   4.7  0.00   0.7  13.0   11:35   NNW
13  69.6  81.4   16:45  57.3   06:00   1.8   6.4  0.00   0.3   7.0   13:42   ENE
14  72.2  83.9   14:56  59.8   05:44   1.0   8.2  0.00   0.4  10.0   15:35     E
15  73.1  83.9   15:18  65.1   05:24   0.0   8.1  0.02   0.7  13.0   13:34   SSE
16  75.0  81.6   13:16  69.1   23:59   0.0  10.0  0.21   1.4  16.0   00:48    SW
17  71.6  78.9   16:22  66.3   05:32   0.0   6.6  0.00   0.5   7.0   08:02   ENE
18  76.4  89.2   16:04  66.1   04:36   0.0  11.4  0.00   0.3   7.0   12:52   SSW
19  81.8  95.3   18:47  72.0   06:50   0.0  16.8  0.00   0.3  10.0   14:46    SW
20  83.1  92.2   16:18  74.2   07:35   0.0  18.2  0.00   1.5  17.0   17:53    SW
21  83.7  95.0   16:06  74.3   05:19   0.0  18.7  0.00   2.4  18.0   09:43    SW
22  82.8  93.2   16:55  75.6   05:36   0.0  17.8  0.00   0.8  17.0   19:00    SW
23  84.1  96.3   15:48  75.0   06:46   0.0  19.2  0.00   1.4  16.0   16:04    SW
24  83.9  95.3   15:53  73.6   05:30   0.0  18.9  0.00   1.2  14.0   15:20    SW
25  85.1  96.5   13:48  74.7   06:55   0.0  20.1  0.00   0.5  13.0   10:50    SW
26  81.5  92.9   15:57  73.9   08:17   0.0  16.5  0.00   1.3  13.0   07:25   ENE
27  78.3  85.2   16:30  71.7   07:16   0.0  13.3  0.00   1.3  13.0   15:12   ENE
28  81.0  91.1   15:06  73.0   06:56   0.0  16.0  0.00   0.8  16.0   14:06    SW
----------------------------------------------------------------------------------
    76.9  96.5    25    57.3    13     3.7 336.7  5.52   0.8  37.0     6     SSW

Max >=  80.0: 24
Max <=  32.0:  0
Min <=  32.0:  0
Min <=   0.0:  0
Max Rain: 3.24 on day 6
Days of Rain: 6 (>= 0.01 in)  5 (>= 0.10 in)  2 (>= 1.00 in)
Heat Base: 65.0  Cool Base: 65.0  Method: Integration