NOAA-Style Climate Reports

Select a Year or Month report
2014: Jan Feb Mar Apr May Jun Jul Aug Sep Oct Nov Dec
2013: Jan Feb Mar Apr May Jun Jul Aug Sep Oct Nov Dec
2012: Jan Feb Mar Apr May Jun Jul Aug Sep Oct Nov Dec

Report for 2014 November
                   Monthly Climatological Summary for Nov 2014

Name: DW9500   City: Raytown   State: MO
Elevation: 1005 ft  Lat: N 38° 58' 55"   Lon: W 094° 27' 56"

                  Temperature (°F), Rain (in), Wind Speed (mph)

                                      Heat  Cool        Avg
    Mean                              Deg   Deg         Wind                 Dom
Day Temp  High   Time   Low    Time   Days  Days  Rain  Speed High   Time    Dir
----------------------------------------------------------------------------------
 1  38.6  50.6   15:47  26.7   04:37  26.4   0.0  0.00   0.8  12.0   10:45     S
 2  53.1  64.0   13:56  44.8   00:03  12.3   0.0  0.00   4.7  25.0   11:24    SW
 3  57.9  67.3   12:22  51.2   03:27   7.2   0.1  0.16   5.2  28.0   12:22    SW
 4  47.4  57.9   00:00  43.6   22:47  17.6   0.0  0.00   0.6  15.0   01:01   WNW
 5  52.4  65.1   14:29  40.9   05:05  12.6   0.0  0.00   1.4  20.0   12:10   WSW
 6  45.2  55.5   00:00  33.4   23:51  19.8   0.0  0.00   1.6  23.0   04:38   WNW
 7  47.6  62.2   14:47  31.6   03:28  17.4   0.0  0.00   2.6  23.0   14:10    SW
 8  46.8  56.7   00:27  34.5   23:18  18.2   0.0  0.00   1.7  20.0   02:06    NW
 9  50.8  64.8   14:58  34.4   00:40  14.2   0.0  0.00   2.7  17.0   13:36    SW
10  54.1  70.0   14:40  33.6   23:59  11.6   0.7  0.00   3.9  24.0   09:07    SW
11  28.5  34.5   14:22  24.4   22:51  36.5   0.0  0.00   2.6  19.0   01:01    NW
12  23.1  27.5   14:03  19.2   06:54  41.9   0.0  0.00   2.4  17.0   14:22    NW
13  22.0  30.1   15:18  15.2   07:16  43.0   0.0  0.00   1.7  13.0   00:06   WNW
14  22.7  31.4   13:58  13.8   03:23  42.3   0.0  0.00   0.2   7.0   13:05   NNE
15  28.1  32.3   15:45  21.3   02:33  36.9   0.0  0.00   0.3   8.0   10:35     S
16  22.9  29.9   02:32  17.6   08:57  42.1   0.0  0.00   1.7  12.0   04:46     W
17  19.3  23.1   13:59  12.8   23:56  45.7   0.0  0.00   3.6  26.0   09:34   WNW
18  23.4  38.2   23:58  10.6   04:56  41.6   0.0  0.00   3.0  15.0   13:06    SW
19  33.5  39.7   01:12  19.9   23:57  31.5   0.0  0.00   2.0  18.0   12:15     W
20  28.0  39.0   14:54  18.0   03:57  37.0   0.0  0.00   1.2  11.0   10:14    NE
21  36.1  48.2   23:58  23.5   04:49  28.9   0.0  0.02   1.7  16.0   23:49     E
22  54.1  60.2   14:11  47.7   01:26  10.9   0.0  0.00   4.3  22.0   14:01   SSW
23  50.2  56.6   14:37  39.0   21:15  14.8   0.0  0.31   1.8  24.0   17:18   WNW
----------------------------------------------------------------------------------
    38.5  70.0    10    10.6    18   610.4   0.8  0.49   2.2  28.0     3     WSW

Max >=  80.0:  0
Max <=  32.0:  5
Min <=  32.0: 13
Min <=   0.0:  0
Max Rain: 0.31 on day 23
Days of Rain: 3 (>= 0.01 in)  2 (>= 0.10 in)  0 (>= 1.00 in)
Heat Base: 65.0  Cool Base: 65.0  Method: Integration