NOAA-Style Climate Reports


Report for 2017 May
                   Monthly Climatological Summary for May 2017

Name: DW9500   City: Raytown   State: MO
Elevation: 1005 ft  Lat: N 38° 58' 55"   Lon: W 094° 27' 56"

                  Temperature (°F), Rain (in), Wind Speed (mph)

                                      Heat  Cool        Avg
    Mean                              Deg   Deg         Wind                 Dom
Day Temp  High   Time   Low    Time   Days  Days  Rain  Speed High   Time    Dir
----------------------------------------------------------------------------------
 1  47.1  61.1   18:07  39.6   09:35  17.9   0.0  0.03   1.1  19.0   17:17   WSW
 2  59.2  68.4   17:40  48.5   06:22   6.1   0.3  0.00   0.4  11.0   09:50   WNW
 3  49.5  55.8   00:00  44.5   23:57  15.5   0.0  0.61   2.3  18.0   17:55   ENE
 4  55.3  68.1   16:18  39.7   02:26  10.0   0.3  0.00   1.0  13.0   13:58    NE
 5  62.4  74.8   18:10  48.1   06:25   5.4   2.8  0.00   0.3  12.0   16:37    NW
 6  66.8  78.6   16:52  55.5   03:07   2.8   4.6  0.00   0.8  13.0   14:20    NE
 7  67.3  80.4   16:14  50.7   05:08   3.7   6.0  0.00   0.9  11.0   12:52   SSW
 8  72.6  83.6   13:27  60.1   02:37   0.8   8.4  0.00   1.3  18.0   14:09    SW
 9  75.1  85.8   15:16  63.7   06:17   0.0  10.1  0.00   0.8  12.0   15:03    SW
10  71.0  79.0   11:45  65.0   14:51   0.0   6.0  0.15   0.9  25.0   14:13    SW
11  64.3  66.9   14:07  61.4   23:56   1.0   0.3  0.01   1.6  13.0   13:44   ENE
12  64.8  74.1   16:55  56.0   06:21   2.7   2.5  0.00   1.0  12.0   12:02   ENE
13  67.1  80.0   14:21  49.2   05:33   3.5   5.7  0.00   0.9  14.0   15:33    SW
14  69.7  81.4   16:32  54.6   04:00   2.3   7.0  0.00   2.5  23.0   12:46    SW
15  75.3  87.6   15:18  62.1   06:13   0.3  10.6  0.00   2.8  18.0   12:22    SW
16  75.3  83.2   17:07  65.5   05:45   0.0  10.3  0.00   4.5  26.0   11:18    SW
17  73.5  79.0   17:47  68.4   23:58   0.0   8.5  0.02   4.5  33.0   13:35    SW
18  70.5  84.3   16:19  56.6   06:10   1.2   6.7  1.61   0.9  15.0   22:47   ENE
19  63.1  70.9   13:46  59.3   00:19   2.7   0.8  0.72   2.2  16.0   19:40   ENE
20  60.5  66.7   13:14  51.3   23:59   4.5   0.0  0.24   0.8  15.0   14:29   SSW
21  57.3  71.4   17:59  44.1   05:50   8.8   1.1  0.00   0.5  15.0   13:38     W
22  60.5  73.6   14:30  50.8   03:51   5.9   1.4  0.16   0.5  14.0   16:04   SSW
23  57.8  67.6   13:11  51.4   23:55   7.3   0.1  0.05   0.3  11.0   11:14     W
24  55.3  68.7   18:02  46.9   05:27   9.9   0.2  0.02   0.3   9.0   16:02     W
25  63.2  76.1   15:46  46.5   05:18   5.4   3.6  0.00   1.3  16.0   11:38     S
26  73.7  85.7   16:42  62.2   04:26   0.4   9.1  0.08   0.5  27.0   04:26   SSW
27  67.3  74.7   10:38  62.5   12:53   0.2   2.5  0.48   0.7  15.0   12:44   ENE
28  70.3  81.6   13:44  57.6   06:14   1.1   6.5  0.01   0.2  10.0   15:12     W
----------------------------------------------------------------------------------
    64.9  87.6    15    39.6     1   119.4 115.4  4.19   1.3  33.0    17     SSW

Max >=  80.0: 10
Max <=  32.0:  0
Min <=  32.0:  0
Min <=   0.0:  0
Max Rain: 1.61 on day 18
Days of Rain: 14 (>= 0.01 in)  7 (>= 0.10 in)  1 (>= 1.00 in)
Heat Base: 65.0  Cool Base: 65.0  Method: Integration