NOAA-Style Climate Reports

Select a Year or Month report
2017: Jan Feb Mar Apr May Jun Jul Aug Sep Oct Nov Dec
2016: Jan Feb Mar Apr May Jun Jul Aug Sep Oct Nov Dec
2015: Jan Feb Mar Apr May Jun Jul Aug Sep Oct Nov Dec
2014: Jan Feb Mar Apr May Jun Jul Aug Sep Oct Nov Dec
2013: Jan Feb Mar Apr May Jun Jul Aug Sep Oct Nov Dec
2012: Jan Feb Mar Apr May Jun Jul Aug Sep Oct Nov Dec

Report for 2017 March
                   Monthly Climatological Summary for Mar 2017

Name: DW9500   City: Raytown   State: MO
Elevation: 1005 ft  Lat: N 38° 58' 55"   Lon: W 094° 27' 56"

                  Temperature (°F), Rain (in), Wind Speed (mph)

                                      Heat  Cool        Avg
    Mean                              Deg   Deg         Wind                 Dom
Day Temp  High   Time   Low    Time   Days  Days  Rain  Speed High   Time    Dir
----------------------------------------------------------------------------------
 1  42.8  50.7   15:29  35.5   23:59  22.2   0.0  0.00   4.2  24.0   14:44   WNW
 2  40.6  54.7   13:54  26.4   05:45  24.4   0.0  0.00   2.1  20.0   12:06     W
 3  40.8  55.8   17:26  25.1   06:50  24.2   0.0  0.00   2.8  18.0   15:33   ESE
 4  59.3  69.3   15:39  48.1   00:00   6.4   0.7  0.00   6.9  29.0   20:55   SSW
 5  57.1  59.9   00:00  53.8   05:53   7.8   0.0  0.00   7.1  26.0   10:29   SSW
 6  63.5  74.3   16:17  48.1   20:28   4.3   2.8  0.32   9.2  36.0   10:36   SSW
 7  48.8  59.0   16:09  37.4   04:38  16.2   0.0  0.00   4.3  24.0   00:11   WSW
 8  53.2  66.8   15:29  40.3   06:53  11.9   0.1  0.00   2.0  19.0   14:42    SW
 9  53.8  69.4   11:59  39.4   23:59  11.4   0.2  0.00   2.6  18.0   20:13   NNE
10  35.3  42.3   15:18  27.2   06:42  29.7   0.0  0.00   4.9  16.0   00:29    NE
11  29.5  34.2   00:00  26.4   07:20  35.5   0.0  0.00   3.8  15.0   04:22    NE
12  34.1  42.7   21:01  22.6   06:00  29.6   0.0  0.05   1.7  18.0   16:21   SSW
13  32.3  40.7   00:00  26.9   23:58  32.7   0.0  0.00   3.4  22.0   05:20   WNW
14  27.5  33.1   15:59  24.2   04:33  37.5   0.0  0.00   1.7   9.0   06:07     N
15  28.2  35.3   16:15  19.0   06:29  36.8   0.0  0.00   1.4  11.0   14:17    SE
16  49.6  67.0   16:52  31.8   00:42  15.5   0.1  0.01   2.9  20.0   13:45     S
17  62.6  72.3   16:33  55.7   00:12   4.0   1.6  0.00   2.9  21.0   01:54     W
18  52.8  65.2   16:27  40.7   05:59  12.2   0.0  0.00   1.1  11.0   12:43   NNW
19  66.4  85.7   16:34  49.2   06:47   5.5   6.9  0.01   3.9  27.0   16:52     S
20  71.4  81.3   13:59  60.5   23:58   0.2   6.6  0.00   4.2  20.0   04:41   WNW
21  53.8  60.5   00:00  45.8   23:59  11.2   0.0  0.00   6.6  21.0   13:56    NE
22  47.2  55.4   16:24  37.1   08:00  17.8   0.0  0.00   5.7  18.0   16:59   ENE
23  62.9  79.2   17:22  49.9   00:56   6.3   4.2  0.00   4.8  26.0   15:36     S
24  63.3  68.5   00:00  56.8   23:54   2.6   0.9  0.24   3.3  25.0   11:15   SSW
25  52.8  58.2   14:28  45.8   23:54  12.2   0.0  0.20   1.1  13.0   18:22   NNW
26  48.2  54.1   15:15  43.1   07:29  16.8   0.0  0.00   1.5  11.0   23:48     W
27  48.8  52.6   17:14  45.6   03:30  16.2   0.0  0.53   2.7  18.0   03:10   NNE
----------------------------------------------------------------------------------
    49.1  85.7    19    19.0    15   451.1  24.1  1.36   3.7  36.0     6      SW

Max >=  80.0:  2
Max <=  32.0:  0
Min <=  32.0:  9
Min <=   0.0:  0
Max Rain: 0.53 on day 27
Days of Rain: 7 (>= 0.01 in)  4 (>= 0.10 in)  0 (>= 1.00 in)
Heat Base: 65.0  Cool Base: 65.0  Method: Integration