NOAA-Style Climate Reports


Report for 2016 September
                   Monthly Climatological Summary for Sep 2016

Name: DW9500   City: Raytown   State: MO
Elevation: 1005 ft  Lat: N 38° 58' 55"   Lon: W 094° 27' 56"

                  Temperature (°F), Rain (in), Wind Speed (mph)

                                      Heat  Cool        Avg
    Mean                              Deg   Deg         Wind                 Dom
Day Temp  High   Time   Low    Time   Days  Days  Rain  Speed High   Time    Dir
----------------------------------------------------------------------------------
 1  68.9  77.4   15:16  60.5   06:40   0.6   4.5  0.00   1.6  12.0   15:43   ENE
 2  66.9  76.8   14:52  58.0   06:38   1.5   3.5  0.00   1.1  11.0   12:00   ENE
 3  68.9  79.1   14:33  58.8   06:12   1.2   5.1  0.00   0.5  11.0   11:28     S
 4  71.1  82.0   15:58  60.7   06:53   0.8   6.8  0.00   1.0  13.0   10:54   SSW
 5  77.6  88.5   15:54  66.1   06:37   0.0  12.6  0.00   2.0  18.0   11:13    SW
 6  81.1  89.2   15:54  72.6   06:32   0.0  16.1  0.00   2.3  19.0   16:08    SW
 7  80.8  88.0   14:40  75.1   06:21   0.0  15.8  0.00   2.2  18.0   14:42    SW
 8  75.9  79.9   15:29  72.2   23:51   0.0  10.9  0.46   0.6  17.0   00:57    SW
 9  74.9  85.8   15:47  68.0   06:39   0.0   9.9  1.10   0.4  11.0   06:03    SW
10  65.4  74.3   15:06  56.6   23:24   2.2   2.6  0.21   0.9  14.0   01:21   WNW
11  64.8  77.0   15:09  52.2   06:49   3.9   3.6  0.00   0.8  12.0   11:11    SW
12  71.1  82.5   14:44  60.3   01:36   1.0   7.1  0.00   1.8  16.0   14:23    SW
13  72.1  83.7   15:43  65.8   23:09   0.0   7.1  0.69   1.3  15.0   18:40     E
14  69.3  75.9   17:10  64.5   04:33   0.0   4.3  0.36   1.4  12.0   03:01   ENE
15  74.5  85.9   14:50  65.3   06:24   0.0   9.5  0.00   0.7  16.0   21:53   SSW
16  66.8  70.9   04:11  63.0   23:33   0.2   2.0  0.25   0.3  12.0   11:32    SW
17  69.8  83.6   14:55  61.6   06:19   0.9   5.8  0.01   0.1   7.0   13:17    SW
18  71.4  84.0   14:54  60.8   06:11   1.0   7.4  0.00   0.3  10.0   14:55   SSW
19  76.5  89.3   13:20  64.2   06:22   0.0  11.5  0.00   0.9  16.0   23:34    SW
20  79.5  92.3   14:59  68.7   06:09   0.0  14.5  0.00   0.4   8.0   13:46    SW
21  80.1  89.8   14:39  73.1   06:07   0.0  15.1  0.00   1.1  13.0   16:47    SW
22  77.1  88.2   14:04  66.7   06:35   0.0  12.1  0.00   1.4  14.0   15:08    SW
23  76.1  88.3   13:38  64.5   07:18   0.0   8.6  0.00   0.6  11.0   15:30    SW
24  78.4  83.3   18:07   0.0   18:07   0.0   3.3  0.00   0.1  16.0   14:40   SSW
25  64.9  74.8   00:00  59.3   14:32   1.9   1.7  0.26   0.1  11.0   00:13   WNW
----------------------------------------------------------------------------------
    73.0  92.3    20     0.0    24    15.2 201.4  3.34   1.0  19.0     6     SSW

Max >=  80.0: 16
Max <=  32.0:  0
Min <=  32.0:  1
Min <=   0.0:  1
Max Rain: 1.10 on day 9
Days of Rain: 8 (>= 0.01 in)  7 (>= 0.10 in)  1 (>= 1.00 in)
Heat Base: 65.0  Cool Base: 65.0  Method: Integration