NOAA-Style Climate Reports

Select a Year or Month report
2015: Jan Feb Mar Apr May Jun Jul Aug Sep Oct Nov Dec
2014: Jan Feb Mar Apr May Jun Jul Aug Sep Oct Nov Dec
2013: Jan Feb Mar Apr May Jun Jul Aug Sep Oct Nov Dec
2012: Jan Feb Mar Apr May Jun Jul Aug Sep Oct Nov Dec

Report for 2015 August
                   Monthly Climatological Summary for Aug 2015

Name: DW9500   City: Raytown   State: MO
Elevation: 1005 ft  Lat: N 38° 58' 55"   Lon: W 094° 27' 56"

                  Temperature (°F), Rain (in), Wind Speed (mph)

                                      Heat  Cool        Avg
    Mean                              Deg   Deg         Wind                 Dom
Day Temp  High   Time   Low    Time   Days  Days  Rain  Speed High   Time    Dir
----------------------------------------------------------------------------------
 1  80.0  94.1   16:44  70.3   23:47   0.0  15.0  0.00   0.4  17.0   18:41    NE
 2  81.9  94.0   16:02  69.6   00:48   0.0  16.9  0.00   0.5  15.0   16:59    SW
 3  79.7  92.1   12:50  68.8   06:41   0.0  14.7  0.00   1.1  11.0   13:30   ENE
 4  75.0  90.7   11:40  68.7   23:48   0.0  10.0  0.73   0.9  14.0   17:15   ENE
 5  69.8  73.4   15:25  65.8   06:09   0.0   4.8  0.15   0.7  10.0   05:14   ENE
 6  74.2  80.6   15:37  67.5   06:22   0.0   9.2  0.00   0.8  11.0   17:48   ENE
 7  80.5  92.0   16:34  70.4   06:33   0.0  15.5  0.00   0.3   9.0   12:21    NE
 8  80.1  89.3   16:18  72.8   08:59   0.0  15.1  0.11   1.1  15.0   08:35    SW
 9  82.8  92.0   19:04  77.8   06:47   0.0  17.8  0.00   0.7  14.0   04:17    SW
10  80.3  90.3   12:12  72.7   23:56   0.0  15.3  0.26   0.5  11.0   14:19   NNW
11  74.6  83.0   14:42  65.2   05:53   0.0   9.6  0.00   0.9  10.0   12:36   ENE
12  75.2  87.0   15:44  63.6   06:26   0.1  10.3  0.00   0.3   7.0   11:39   ENE
13  75.9  88.9   14:46  64.3   06:33   0.0  10.9  0.00   0.3   8.0   10:35   SSW
14  76.1  87.5   14:39  65.8   03:14   0.0  11.1  0.00   0.3  10.0   13:42    SW
15  76.8  88.6   16:52  64.9   05:26   0.0  11.8  0.00   0.3  11.0   11:50    SW
16  77.5  90.0   15:16  66.9   06:37   0.0  12.5  0.00   0.8  14.0   12:33    SW
17  79.3  91.7   13:05  69.4   06:37   0.0  14.3  0.00   0.4   8.0   09:50     E
18  71.8  79.8   16:47  65.8   23:56   0.0   6.7  1.69   0.8  17.0   18:56    SW
19  63.4  72.9   18:23  56.4   06:58   3.2   1.5  0.00   0.9  13.0   11:32   WNW
20  69.2  84.2   14:38  54.5   06:11   2.9   7.1  0.00   0.5  12.0   15:17    SW
21  71.1  82.3   15:42  58.9   06:49   1.4   7.6  0.00   1.5  15.0   10:42    SW
22  75.3  84.1   15:48  67.1   06:45   0.0  10.3  0.00   1.2  18.0   15:01    SW
23  70.1  77.0   16:58  60.6   23:59   0.3   5.4  0.00   0.8  17.0   03:31   WNW
24  66.9  82.4   18:42  51.8   06:15   4.0   5.9  0.00   0.2  10.0   14:13   WNW
25  69.8  85.0   15:29  56.4   05:19   1.8   6.7  0.00   0.2   8.0   10:24    NE
26  71.0  81.9   16:14  60.6   06:45   0.7   6.7  0.00   0.4   7.0   08:46   ENE
27  65.9  73.3   18:16  61.1   03:22   0.8   1.8  0.92   0.6  15.0   13:50   SSW
28  71.0  78.5   15:00  66.9   04:39   0.0   6.0  0.50   2.2  18.0   15:36    SW
29  72.5  79.6   14:15  68.8   08:21   0.0   7.5  0.00   0.3   8.0   13:02   ENE
30  74.1  84.3   18:12  66.9   06:45   0.0   9.1  0.00   0.6   8.0   14:46   ENE
----------------------------------------------------------------------------------
    74.4  94.1     1    51.8    24    15.2 297.1  4.36   0.7  18.0    22     SSW

Max >=  80.0: 23
Max <=  32.0:  0
Min <=  32.0:  0
Min <=   0.0:  0
Max Rain: 1.69 on day 18
Days of Rain: 7 (>= 0.01 in)  7 (>= 0.10 in)  1 (>= 1.00 in)
Heat Base: 65.0  Cool Base: 65.0  Method: Integration