NOAA-Style Climate Reports

Select a Year or Month report
2015: Jan Feb Mar Apr May Jun Jul Aug Sep Oct Nov Dec
2014: Jan Feb Mar Apr May Jun Jul Aug Sep Oct Nov Dec
2013: Jan Feb Mar Apr May Jun Jul Aug Sep Oct Nov Dec
2012: Jan Feb Mar Apr May Jun Jul Aug Sep Oct Nov Dec

Report for 2015 July
                   Monthly Climatological Summary for Jul 2015

Name: DW9500   City: Raytown   State: MO
Elevation: 1005 ft  Lat: N 38° 58' 55"   Lon: W 094° 27' 56"

                  Temperature (°F), Rain (in), Wind Speed (mph)

                                      Heat  Cool        Avg
    Mean                              Deg   Deg         Wind                 Dom
Day Temp  High   Time   Low    Time   Days  Days  Rain  Speed High   Time    Dir
----------------------------------------------------------------------------------
 1  73.4  84.7   17:17  66.4   07:04   0.0   8.4  2.57   1.7  17.0   01:36     S
 2  70.3  72.3   00:32  68.1   22:08   0.0   5.3  0.01   2.1  11.0   04:49   ENE
 3  71.3  78.8   15:47  65.0   06:18   0.0   6.3  0.00   1.5   9.0   12:55   ENE
 4  72.7  83.0   17:19  59.9   06:15   0.7   8.4  0.00   0.2   6.0   10:49    SW
 5  77.7  88.3   18:19  65.9   04:27   0.0  12.7  0.00   1.5  16.0   22:21    SW
 6  76.6  88.8   15:43  69.4   19:19   0.0  11.6  1.07   2.3  19.0   16:11    SW
 7  66.1  72.9   15:29  59.3   05:15   1.4   2.5  0.85   1.9  15.0   04:46   ENE
 8  62.0  63.7   00:00  60.5   21:25   3.0   0.0  0.57   2.0  14.0   09:26   ENE
 9  68.1  77.4   12:11  58.6   05:17   1.7   4.8  0.00   0.5   9.0   14:01     E
10  70.1  79.2   15:44  64.0   03:14   0.0   5.1  0.75   0.3  11.0   19:30   SSW
11  79.7  90.3   15:09  68.7   00:00   0.0  14.7  0.00   2.0  19.0   14:47    SW
12  80.8  91.5   13:17  73.5   05:51   0.0   9.3  0.00   1.6  16.0   13:47    SW
13  86.5  98.3   17:19   0.0   00:55   0.0  20.7  0.00   0.7  11.0   01:51    SW
14  84.9  98.7   16:36  73.9   06:10   0.0  19.9  0.01   0.2   8.0   11:17   ESE
15  78.9  87.2   17:47  70.4   10:52   0.0  13.9  0.28   0.9  13.0   15:45     E
16  82.7  92.6   17:09  74.0   06:14   0.0  17.7  0.00   1.7  15.0   16:27    SW
17  84.8  93.4   13:09  76.6   06:15   0.0  19.8  0.00   1.6  15.0   01:27    SW
18  82.5  92.1   17:50  74.0   08:51   0.0  17.5  0.49   1.1  13.0   14:14    SW
19  80.1  85.6   14:27  75.4   23:58   0.0  15.1  0.00   1.0  11.0   10:59   ENE
20  77.6  88.4   15:17  67.5   05:09   0.0  12.6  1.65   0.4  13.0   04:29     W
21  74.5  80.5   14:40  67.4   23:13   0.0   9.5  0.00   1.0  11.0   14:57   ENE
22  73.8  82.6   15:27  64.2   05:58   0.0   8.9  0.00   0.7  10.0   10:17   ENE
23  78.2  87.3   16:45  69.1   06:21   0.0  13.2  0.00   0.7   9.0   16:28   ENE
24  83.1  97.6   17:28  71.7   04:57   0.0  18.1  0.01   0.6  12.0   11:40    SW
25  83.4  94.3   15:40  76.2   07:47   0.0  18.4  0.00   1.0  17.0   07:38   ESE
26  82.8  94.1   17:40  76.0   04:00   0.0  17.8  0.04   0.6   9.0   09:31     E
27  83.8  93.3   18:55  75.3   06:07   0.0  18.9  0.00   0.6  12.0   12:03    SW
----------------------------------------------------------------------------------
    77.3  98.7    14     0.0    13     6.8 331.1  8.30   1.1  19.0     6     SSE

Max >=  80.0: 21
Max <=  32.0:  0
Min <=  32.0:  1
Min <=   0.0:  1
Max Rain: 2.57 on day 1
Days of Rain: 12 (>= 0.01 in)  8 (>= 0.10 in)  3 (>= 1.00 in)
Heat Base: 65.0  Cool Base: 65.0  Method: Integration