NOAA-Style Climate Reports

Select a Year or Month report
2016: Jan Feb Mar Apr May Jun Jul Aug Sep Oct Nov Dec
2015: Jan Feb Mar Apr May Jun Jul Aug Sep Oct Nov Dec
2014: Jan Feb Mar Apr May Jun Jul Aug Sep Oct Nov Dec
2013: Jan Feb Mar Apr May Jun Jul Aug Sep Oct Nov Dec
2012: Jan Feb Mar Apr May Jun Jul Aug Sep Oct Nov Dec

Report for 2016 June
                   Monthly Climatological Summary for Jun 2016

Name: DW9500   City: Raytown   State: MO
Elevation: 1005 ft  Lat: N 38° 58' 55"   Lon: W 094° 27' 56"

                  Temperature (°F), Rain (in), Wind Speed (mph)

                                      Heat  Cool        Avg
    Mean                              Deg   Deg         Wind                 Dom
Day Temp  High   Time   Low    Time   Days  Days  Rain  Speed High   Time    Dir
----------------------------------------------------------------------------------
 1  72.3  82.5   15:27  62.6   06:03   0.3   7.6  0.00   0.5  10.0   11:13   ENE
 2  72.0  83.0   15:14  57.7   05:55   1.2   8.2  0.00   0.8  12.0   15:32   ENE
 3  72.3  83.3   17:11  60.3   06:02   1.0   8.3  0.00   0.9  13.0   18:20    SW
 4  73.4  83.3   15:41  63.4   06:02   0.1   8.5  0.49   0.7  12.0   14:16     W
 5  72.4  85.0   18:39  59.3   06:01   0.5   7.9  0.00   0.4  10.0   10:23    NW
 6  77.6  90.5   18:14  64.6   06:03   0.0  12.6  0.00   0.3  11.0   13:46     W
 7  71.3  84.4   18:38  56.9   05:50   0.8   7.1  0.00   0.4   8.0   09:45   ENE
 8  73.8  85.0   15:55  59.3   05:04   1.0   9.8  0.00   1.1  15.0   11:21    SW
 9  80.4  90.7   15:47  68.5   05:44   0.0  15.4  0.00   2.0  20.0   10:51    SW
10  80.5  90.1   14:10  70.1   04:46   0.0  15.5  0.00   2.1  16.0   11:20    SW
11  81.7  91.7   15:25  72.1   05:52   0.0  16.7  0.00   1.0  16.0   11:23    SW
12  79.5  92.4   14:02  69.0   05:25   0.0  14.5  0.00   0.6  32.0   16:36    SW
13  77.0  89.5   15:14  69.0   04:00   0.0  12.0  0.34   0.4  10.0   13:39    SW
14  80.9  91.3   17:48  70.2   05:38   0.0  15.9  0.00   1.4  17.0   13:10    SW
15  86.5 102.0   18:07  72.4   06:03   0.0  21.6  0.00   0.3   9.0   00:14    SW
16  83.5  97.7   17:46  73.2   06:18   0.0  18.5  0.00   0.5  16.0   03:00    SW
17  83.2  92.3   15:46  73.0   04:36   0.0  18.2  0.00   1.8  11.0   16:03   ENE
18  79.5  88.0   16:39  71.0   06:03   0.0  14.5  0.00   1.7  11.0   10:24   ENE
19  79.6  90.4   16:54  66.0   06:07   0.0  14.6  0.00   1.0  13.0   15:19    SW
20  82.3  95.1   15:24  70.0   05:51   0.0  17.3  0.00   1.0  12.0   11:23   SSE
21  82.5  94.6   16:27  73.1   03:45   0.0  17.5  0.00   1.6  14.0   15:41   SSW
22  87.6  97.7   16:31  77.4   03:20   0.0  22.7  0.00   2.9  21.0   13:07    SW
23  83.6  93.0   14:56  73.2   23:59   0.0  18.6  0.00   1.1   9.0   10:58   ENE
24  79.1  91.7   14:39  69.1   05:34   0.0  14.1  0.00   0.8  12.0   12:44    SW
----------------------------------------------------------------------------------
    78.9 102.0    15    56.9     7     4.9 337.6  0.83   1.0  32.0    12     SSW

Max >=  80.0: 24
Max <=  32.0:  0
Min <=  32.0:  0
Min <=   0.0:  0
Max Rain: 0.49 on day 4
Days of Rain: 2 (>= 0.01 in)  2 (>= 0.10 in)  0 (>= 1.00 in)
Heat Base: 65.0  Cool Base: 65.0  Method: Integration