NOAA-Style Climate Reports

Select a Year or Month report
2014: Jan Feb Mar Apr May Jun Jul Aug Sep Oct Nov Dec
2013: Jan Feb Mar Apr May Jun Jul Aug Sep Oct Nov Dec
2012: Jan Feb Mar Apr May Jun Jul Aug Sep Oct Nov Dec

Report for 2014 October
                   Monthly Climatological Summary for Oct 2014

Name: DW9500   City: Raytown   State: MO
Elevation: 1005 ft  Lat: N 38° 58' 55"   Lon: W 094° 27' 56"

                  Temperature (°F), Rain (in), Wind Speed (mph)

                                      Heat  Cool        Avg
    Mean                              Deg   Deg         Wind                 Dom
Day Temp  High   Time   Low    Time   Days  Days  Rain  Speed High   Time    Dir
----------------------------------------------------------------------------------
 1  68.5  75.4   16:27  63.5   07:56   0.0   3.6  1.17   0.8  17.0   17:37   SSW
 2  63.8  69.7   14:07  58.0   23:55   1.8   0.6  1.26   1.2  16.0   18:05     W
 3  50.7  58.0   00:00  41.3   23:19  14.3   0.0  0.02   2.0  19.0   16:28     W
 4  46.6  57.6   15:47  36.4   07:09  18.4   0.0  0.00   1.1  17.0   12:33     W
 5  58.6  72.8   14:23  46.4   00:00   8.0   1.7  0.24   1.1  17.0   14:30     W
 6  59.2  71.6   16:51  50.0   07:33   6.8   1.1  0.09   0.4  10.0   11:11   WSW
 7  64.0  76.5   14:55  54.2   02:24   4.1   3.1  0.00   0.6  13.0   15:57     W
 8  62.2  72.5   16:20  50.5   07:17   4.6   1.8  0.00   1.0  10.0   10:40   ENE
 9  58.1  63.1   00:00  53.0   23:42   6.9   0.0  1.84   2.7  15.0   22:34   ENE
10  51.1  53.0   00:00  48.8   08:39  13.9   0.0  0.24   2.3  15.0   01:07   ENE
11  52.0  60.9   15:44  42.1   07:33  13.0   0.0  0.00   1.1  10.0   11:57   ENE
12  54.6  59.3   17:05  50.3   08:21  10.4   0.0  0.00   0.4  10.0   14:18    SW
13  54.9  57.3   12:42  51.4   21:17  10.1   0.0  1.45   1.9  19.0   16:42   WNW
14  57.1  64.9   15:37  51.6   08:46   7.9   0.0  0.01   3.4  27.0   12:05   WNW
15  55.4  67.1   15:45  46.5   07:39   9.8   0.2  0.00   1.0  12.0   13:58   WNW
16  59.7  77.6   15:39  43.5   03:06   8.2   2.9  0.00   1.0  18.0   11:22    SW
17  57.9  64.9   15:23  51.7   23:58   7.1   0.0  0.00   1.3  16.0   11:05     W
18  50.8  61.6   15:43  43.0   07:43  14.2   0.0  0.00   0.4   9.0   09:05   ENE
19  53.8  68.9   15:30  41.1   07:23  11.6   0.4  0.00   0.8  14.0   10:28    SW
20  60.2  73.8   15:42  50.7   23:29   6.3   1.4  0.00   0.3   7.0   11:18    NE
21  58.3  73.3   13:57  44.7   07:40   8.4   1.6  0.00   0.1   6.0   23:30   ENE
22  60.6  72.1   15:47  52.4   07:35   5.6   1.2  0.00   0.5  13.0   12:47   SSW
23  59.2  64.1   16:22  54.9   06:32   5.8   0.0  0.09   0.5  10.0   01:25    SW
----------------------------------------------------------------------------------
    57.3  77.6    16    36.4     4   197.2  19.6  6.41   1.1  27.0    14     WNW

Max >=  80.0:  0
Max <=  32.0:  0
Min <=  32.0:  0
Min <=   0.0:  0
Max Rain: 1.84 on day 9
Days of Rain: 10 (>= 0.01 in)  6 (>= 0.10 in)  4 (>= 1.00 in)
Heat Base: 65.0  Cool Base: 65.0  Method: Integration