NOAA-Style Climate Reports

Select a Year or Month report
2015: Jan Feb Mar Apr May Jun Jul Aug Sep Oct Nov Dec
2014: Jan Feb Mar Apr May Jun Jul Aug Sep Oct Nov Dec
2013: Jan Feb Mar Apr May Jun Jul Aug Sep Oct Nov Dec
2012: Jan Feb Mar Apr May Jun Jul Aug Sep Oct Nov Dec

Report for 2015 April
                   Monthly Climatological Summary for Apr 2015

Name: DW9500   City: Raytown   State: MO
Elevation: 1005 ft  Lat: N 38° 58' 55"   Lon: W 094° 27' 56"

                  Temperature (°F), Rain (in), Wind Speed (mph)

                                      Heat  Cool        Avg
    Mean                              Deg   Deg         Wind                 Dom
Day Temp  High   Time   Low    Time   Days  Days  Rain  Speed High   Time    Dir
----------------------------------------------------------------------------------
 1  64.0  78.2   15:03  53.6   02:40   3.9   2.9  0.00   2.8  26.0   15:07     S
 2  62.2  69.1   16:33  54.9   07:52   3.5   0.7  0.65   4.0  19.0   03:13    NE
 3  48.0  59.7   00:00  37.5   23:57  17.1   0.0  0.13   3.9  24.0   06:50     N
 4  47.5  61.9   16:57  30.8   06:49  17.5   0.0  0.00   2.5  18.0   13:27    SW
 5  50.9  64.0   14:35  42.2   05:55  14.1   0.0  0.00   4.3  23.0   11:10   SSW
 6  54.6  60.8   19:41  48.0   01:02  10.4   0.0  0.02   1.3  13.0   11:00   SSW
 7  68.7  83.6   16:57  58.2   00:41   1.9   5.6  0.00   1.9  18.0   17:00   SSW
 8  62.5  76.2   15:37  52.2   05:13   5.5   3.0  0.14   2.7  23.0   17:20   SSW
 9  61.1  75.5   12:19  41.8   23:55   6.1   2.2  0.04   6.9  28.0   13:30   WSW
10  53.7  68.3   18:47  39.2   05:05  11.8   0.5  0.00   2.4  19.0   11:57     W
11  60.1  72.0   14:29  48.5   07:09   6.6   1.7  0.00   1.6  20.0   16:54   SSW
12  58.8  68.1   17:18  51.4   09:37   6.4   0.2  0.66   2.1  18.0   10:06   SSW
13  59.1  64.5   00:00  51.0   06:55   5.9   0.0  1.91   2.9  24.0   00:48   NNE
14  59.9  67.5   15:46  51.3   07:15   5.4   0.3  0.00   3.3  19.0   10:22   ENE
15  55.0  60.4   18:32  48.8   07:22  10.0   0.0  0.02   2.3  14.0   00:00   ENE
16  62.6  75.7   15:35  51.1   06:53   5.2   2.9  0.00   0.4  10.0   14:49     S
17  67.3  78.7   14:37  56.5   05:09   2.5   4.8  0.00   0.7  13.0   14:07    SE
18  61.0  65.1   01:09  58.2   21:33   4.0   0.0  1.16   0.5  12.0   09:37   WSW
19  56.9  67.9   14:50  50.0   23:56   8.2   0.1  0.28   2.3  23.0   17:33   WNW
20  50.7  58.5   17:04  43.8   06:45  14.3   0.0  0.00   3.6  22.0   13:28     W
21  56.2  69.3   16:54  44.4   05:42   9.5   0.7  0.00   1.6  20.0   22:08     W
22  48.5  58.6   18:48  38.8   07:04  16.5   0.0  0.00   1.3  10.0   08:40    NE
23  54.6  67.2   16:25  39.8   03:08  10.5   0.2  0.00   0.8  15.0   15:41     S
24  58.3  66.3   17:52  50.2   09:58   6.7   0.0  0.28   1.5  22.0   11:35   SSW
25  55.9  62.2   14:34  48.8   22:52   9.1   0.0  0.30   1.0  12.0   10:53   NNE
26  52.2  61.3   16:42  46.5   07:41  12.8   0.0  0.00   4.6  15.0   12:32   ENE
----------------------------------------------------------------------------------
    57.3  83.6     7    30.8     4   225.4  25.8  5.59   2.4  28.0     9     WSW

Max >=  80.0:  1
Max <=  32.0:  0
Min <=  32.0:  1
Min <=   0.0:  0
Max Rain: 1.91 on day 13
Days of Rain: 12 (>= 0.01 in)  9 (>= 0.10 in)  2 (>= 1.00 in)
Heat Base: 65.0  Cool Base: 65.0  Method: Integration