NOAA-Style Climate Reports

Select a Year or Month report
2014: Jan Feb Mar Apr May Jun Jul Aug Sep Oct Nov Dec
2013: Jan Feb Mar Apr May Jun Jul Aug Sep Oct Nov Dec
2012: Jan Feb Mar Apr May Jun Jul Aug Sep Oct Nov Dec

Report for 2014 July
                   Monthly Climatological Summary for Jul 2014

Name: DW9500   City: Raytown   State: MO
Elevation: 1005 ft  Lat: N 38° 58' 55"   Lon: W 094° 27' 56"

                  Temperature (°F), Rain (in), Wind Speed (mph)

                                      Heat  Cool        Avg
    Mean                              Deg   Deg         Wind                 Dom
Day Temp  High   Time   Low    Time   Days  Days  Rain  Speed High   Time    Dir
----------------------------------------------------------------------------------
 1  74.3  83.7   17:35  67.2   07:10   0.0   9.3  0.02   0.7  14.0   15:01     W
 2  65.5  73.2   13:03  57.1   23:58   1.4   1.9  0.00   1.2  14.0   10:11   WNW
 3  68.0  79.8   17:41  54.9   05:27   2.7   5.7  0.00   0.3   8.0   10:01   ENE
 4  72.0  81.8   16:43  58.1   05:24   1.2   8.2  0.00   0.4  11.0   11:07   SSE
 5  73.5  81.2   18:27  67.6   02:50   0.0   8.5  0.05   2.1  18.0   16:56   SSW
 6  78.9  87.6   18:27  70.6   05:09   0.0  13.9  0.00   3.3  25.0   11:34    SW
 7  81.5  90.9   16:22  66.7   23:55   0.0  16.5  1.27   1.1  21.0   22:33   SSW
 8  73.5  83.0   16:08  66.2   06:05   0.0   8.5  0.16   0.8  12.0   14:30     W
 9  74.5  84.7   14:45  64.5   03:30   0.0   9.5  0.00   0.4   7.0   08:09   NNW
10  74.6  83.8   16:12  65.2   06:19   0.0   9.6  0.00   0.5  11.0   15:57   SSE
11  78.0  88.9   18:04  66.6   03:57   0.0  13.0  0.00   1.4  13.0   10:06   SSW
12  83.6  92.6   16:09  74.3   06:32   0.0  18.6  0.00   1.6  16.0   16:54   SSW
13  78.9  85.5   13:13  71.5   08:33   0.0  13.9  0.02   0.6  17.0   00:30   WSW
14  72.1  79.1   10:22  63.5   23:53   0.0   7.2  0.07   0.6  13.0   16:11   WNW
15  65.3  74.0   14:27  55.1   05:56   2.4   2.7  0.00   0.5  12.0   12:41    NE
16  67.0  78.9   14:27  54.0   05:14   2.7   4.7  0.00   0.1   6.0   11:42   ENE
17  68.2  79.2   16:35  55.5   06:08   2.0   5.3  0.00   0.3  10.0   11:52   SSW
18  70.2  79.2   17:26  59.3   06:01   0.8   6.0  0.00   0.4   9.0   11:29   SSW
19  70.6  80.6   17:54  59.0   06:03   1.1   6.7  0.00   0.7  11.0   13:21    SW
20  72.9  83.3   15:43  61.2   06:18   0.6   8.5  0.00   1.9  17.0   15:14    SW
21  80.1  91.6   16:25  69.6   06:08   0.0  15.1  0.00   2.5  16.0   09:07    SW
22  85.5  98.3   19:02  73.9   06:05   0.0  20.5  0.00   1.2  12.0   00:43   SSW
23  80.3  86.5   16:28  72.6   23:58   0.0  15.3  0.00   2.1  12.0   15:24   ENE
24  74.1  82.6   17:10  64.4   06:11   0.0   9.1  0.00   1.0  12.0   16:07     E
25  81.2  94.5   15:43  69.1   06:56   0.0  16.2  0.00   3.2  21.0   10:39    SW
26  82.5  93.2   18:32  78.0   05:30   0.0  17.5  0.00   1.2  16.0   02:19    SW
27  80.8  86.2   13:15  71.1   23:58   0.0  15.8  0.00   1.0  16.0   17:14   WNW
28  71.1  80.4   16:18  62.6   06:16   0.2   6.3  0.00   0.5  10.0   15:34   NNE
----------------------------------------------------------------------------------
    75.0  98.3    22    54.0    16    15.1 294.0  1.59   1.1  25.0     6      SW

Max >=  80.0: 21
Max <=  32.0:  0
Min <=  32.0:  0
Min <=   0.0:  0
Max Rain: 1.27 on day 7
Days of Rain: 6 (>= 0.01 in)  2 (>= 0.10 in)  1 (>= 1.00 in)
Heat Base: 65.0  Cool Base: 65.0  Method: Integration