NOAA-Style Climate Reports


Report for 2016 July
                   Monthly Climatological Summary for Jul 2016

Name: DW9500   City: Raytown   State: MO
Elevation: 1005 ft  Lat: N 38° 58' 55"   Lon: W 094° 27' 56"

                  Temperature (°F), Rain (in), Wind Speed (mph)

                                      Heat  Cool        Avg
    Mean                              Deg   Deg         Wind                 Dom
Day Temp  High   Time   Low    Time   Days  Days  Rain  Speed High   Time    Dir
----------------------------------------------------------------------------------
 1  73.0  82.2   14:15  63.6   05:57   0.0   8.1  0.00   1.1  10.0   12:36   ENE
 2  66.7  71.2   00:09  63.5   23:59   0.2   1.9  2.65   1.6  13.0   23:09   ENE
 3  64.6  70.2   15:35  60.3   07:10   1.2   0.8  1.02   2.2  11.0   02:59   ENE
 4  71.9  87.1   18:06  63.5   00:31   0.5   7.4  0.00   0.3   6.0   14:17   ENE
 5  83.0  95.1   12:54  69.9   05:34   0.0  18.0  0.00   1.5  16.0   15:48    SW
 6  82.2  90.6   18:11  75.6   10:24   0.0  17.2  0.00   1.2  13.0   06:22   SSW
 7  77.9  87.6   15:35  65.9   06:42   0.0  12.9  0.50   1.2  22.0   05:26    SW
 8  79.8  90.6   17:13  69.3   05:52   0.0  14.8  0.00   0.5  17.0   00:43   ENE
 9  79.6  90.1   15:35  71.2   03:58   0.0  14.6  0.05   0.7  11.0   19:06   ENE
10  81.3  90.4   15:22  70.1   05:55   0.0  16.3  0.00   1.4  15.0   14:17    SW
11  81.9  89.7   16:33  73.2   06:10   0.0  16.9  0.00   3.2  20.0   13:11    SW
12  76.3  86.9   15:23  64.2   06:08   0.1  11.3  0.81   1.7  22.0   04:16     S
13  76.8  86.5   17:17  67.3   13:49   0.0  11.8  0.88   0.8  20.0   11:04    SW
14  77.5  86.5   18:20  68.9   23:57   0.0  12.5  0.00   0.1   9.0   13:13    SW
15  76.3  86.6   12:26  65.1   05:48   0.0  11.3  0.00   1.0   9.0   13:41   ENE
16  77.8  88.3   14:54  66.8   05:54   0.0  12.8  0.00   0.9  12.0   17:27   SSE
17  83.8  92.3   16:16  74.0   06:31   0.0  18.8  0.00   2.0  17.0   15:21    SW
18  82.1  91.1   17:07  73.6   06:19   0.0  17.1  0.00   1.5  14.0   11:07     E
19  84.2  93.4   15:51  74.2   06:15   0.0  19.2  0.00   0.6  14.0   15:28    SW
20  85.5  94.0   14:19  75.9   06:05   0.0  20.5  0.00   1.0  13.0   13:14    SW
21  86.7  95.6   14:56  77.1   06:13   0.0  21.7  0.00   1.8  16.0   14:27    SW
22  85.5  94.0   18:43  79.5   06:45   0.0  20.5  0.00   1.3  15.0   10:05     S
----------------------------------------------------------------------------------
    78.8  95.6    21    60.3     3     2.0 306.4  5.91   1.3  22.0     7       S

Max >=  80.0: 20
Max <=  32.0:  0
Min <=  32.0:  0
Min <=   0.0:  0
Max Rain: 2.65 on day 2
Days of Rain: 6 (>= 0.01 in)  5 (>= 0.10 in)  2 (>= 1.00 in)
Heat Base: 65.0  Cool Base: 65.0  Method: Integration